on divisor of 11 and u?
11
Let o = -2 - -5. Let r = -23 - -35. What is the highest common factor of r and o?
3
Suppose -204 = -1228*j + 1224*j. What is the greatest common factor of j and 34?
17
Let g(o) = -3*o**3 - 9*o**2 - 17*o + 4. Let q be g(-4). Calculate the highest common divisor of q and 330.
30
Suppose 5*h = 4*l - 4 + 41, 0 = -h - 3*l - 4. Suppose -3*c + 5*g + 0*g = -88, g - 100 = -h*c. Calculate the greatest common factor of 3 and c.
3
Suppose -3*k - g + 99 = 0, -2*g - 274 + 98 = -5*k. Calculate the greatest common factor of 221 and k.
17
Suppose 5*h + 4*c = -c + 975, -2*h - c = -385. Calculate the greatest common factor of 10 and h.
10
Let h be 12/(-16) - 510/(-8). Suppose -5*b - 3*z = -0*z - 39, 1 = b + 4*z. What is the highest common factor of h and b?
9
Let n(a) = -a**2 - 39*a - 133. Let u be n(-32). Calculate the greatest common factor of 169 and u.
13
Suppose i + 5*d + 91 = 3*i, -123 = -3*i + 3*d. Suppose 0 = 5*k - i - 62. Let q be (k/50)/(2/90). What is the highest common divisor of 9 and q?
9
Let a(x) = 14*x + 4. Let f be a(6). Suppose 0 = -6*n + 848 + f. Calculate the highest common divisor of 26 and n.
26
Suppose 26*o - 1598 = 5656. What is the greatest common divisor of o and 31?
31
Suppose f - 5*u = -4*u + 49, -5*u = -2*f + 83. Suppose 4*i - 383 - 157 = 0. What is the greatest common divisor of i and f?
27
Suppose l + l = 286. Let d be (143/(-44))/((-1 - 1)/8). Calculate the highest common factor of l and d.
13
Let w(a) = a**2 + 6*a - 10. Let s be w(9). Let f = 155 + s. What is the greatest common divisor of 35 and f?
35
Suppose 10 = -3*i + 4. Let o be (-1)/(-1*i/82*-1). What is the greatest common factor of o and 41?
41
Suppose 4*f - 2 = x + 14, 24 = x + 4*f. Let m = 97 + -67. Suppose -x*c + m = -2*c. Calculate the highest common divisor of 6 and c.
3
Suppose 0 = -30*y - 30164 + 90344. Calculate the highest common factor of y and 34.
34
Suppose 2*l + 7 - 17 = 0. What is the greatest common divisor of l and 35?
5
Let g be 4 - 7*12/(-42). Calculate the greatest common divisor of 21 and g.
3
Let u(x) = 26*x - 113. Let l be u(5). Calculate the greatest common divisor of 697 and l.
17
Suppose 832 = 15*j - 2*j. What is the greatest common factor of j and 24?
8
Let u(d) = 2*d**2 + 38*d - 106. Let v be u(3). What is the highest common factor of v and 1898?
26
Let d be ((-1 - 6 - -2) + -8)*-17. Calculate the highest common factor of 65 and d.
13
Suppose -o - 5*o + 84 = 0. Let u(q) = -q**2 + 13*q + 16. Let p be u(o). Calculate the highest common factor of 14 and p.
2
Suppose 0*h + 6*h - 54 = 0. Suppose -156 + h = -i. Let s = 55 + -34. Calculate the greatest common divisor of s and i.
21
Let x(a) = 12 - a + 2*a + 1. Let s(d) = -d**2 + 7*d + 71. Let m be s(-6). Let w be x(m). Calculate the greatest common divisor of 12 and w.
6
Suppose k - 6*k - 20 = 0. Let b = k - -38. Calculate the greatest common factor of b and 17.
17
Let i(c) = 2*c**2 + c - 2. Let n be i(3). Suppose 5*w - 2*v - 104 = -v, -4*w + 3*v + 92 = 0. Let l = w - n. Calculate the highest common divisor of 3 and l.
1
Let c = -470 + 785. Suppose 31*m - 22*m - c = 0. What is the greatest common factor of m and 5?
5
Let z be 39/5 + (-44)/55. Suppose -s + 2 - z = -4*l, 3*l - 3*s + 3 = 0. What is the greatest common factor of l and 5?
1
Suppose -12 = -6*j + 2*j. Suppose j*f + 36 = 12*f. Calculate the greatest common divisor of 12 and f.
4
Let a = -24 - -30. Let j be (a - 6)/(1/1). Suppose j = 5*q - 253 - 247. Calculate the highest common divisor of 10 and q.
10
Let o = 123 - 56. Let u = 100 - o. What is the highest common factor of 132 and u?
33
Let p(b) = b - 6. Let c be p(6). Let q = -23 + 29. Let i be q/(-12)*(c + -56). What is the highest common divisor of i and 4?
4
Suppose -o = -12 - 14. Suppose -6*t = -16*t + 100. Let z = o - t. What is the highest common divisor of 32 and z?
16
Suppose -4*p + 2*d = 5*d - 41, 0 = 5*d + 25. Suppose 4*o - 9*o - 1547 = -4*a, 0 = 2*o - 2. Let s = a - 262. What is the greatest common divisor of p and s?
14
Let k = 1516 - 683. What is the highest common divisor of 51 and k?
17
Let x = 47 - 18. What is the greatest common divisor of 319 and x?
29
Let q = -65 - -150. Let t(l) = 4*l - 7. Let v be (9/(-2))/((-3)/4). Let d be t(v). Calculate the greatest common factor of q and d.
17
Let w be -2*(-2 - -1) + -10. Let i = w + 3. Let t be 20/50 + (-178)/i. Calculate the greatest common factor of t and 12.
12
Let c be (0/(-4 - 0))/1. Suppose c = 9*v - 11*v + 56. Calculate the highest common factor of v and 308.
28
Suppose -56 = -2*x - 4*l, 8 + 81 = 3*x + l. What is the highest common divisor of x and 15?
15
Let j be 1/2*4/2. Let t be 1/2*-4*(-27)/6. Suppose -2*u = -29 + t. What is the greatest common divisor of j and u?
1
Suppose -4*x + 6 + 105 = -5*r, 4*x = 4*r + 116. What is the highest common factor of x and 306?
34
Suppose 5*h = 5, -2*v + 16 = 3*h + 5. What is the highest common divisor of v and 54?
2
Suppose 255 = 3*s - 9. Let y = -24 + s. What is the highest common divisor of y and 96?
32
Suppose -2*d - 2*i + 2468 = 748, 5*i - 3435 = -4*d. Suppose 4*l + p - d = -0*p, -4*l = 4*p - 868. What is the greatest common factor of l and 27?
27
Suppose 3*j = -2*l + 2*j + 29, 0 = l + 3*j - 12. Let c be 6/(1*5/l). What is the highest common factor of 6 and c?
6
Let t = 11 - 2. Suppose 5*h + 49 = t. Let q(s) = -13*s - 13. Let l be q(h). What is the highest common divisor of l and 13?
13
Let s be 8 - ((-1551 - 3) + -6). Calculate the highest common divisor of s and 14.
14
Let a(n) = 2*n**3 - 5*n**2 + 7. Let l be a(3). Let j be 14/(69/(-24) + 3). Calculate the highest common factor of l and j.
16
Let g(t) = -t + 14. Suppose -53 = 4*d + 3. Let z be g(d). Calculate the highest common divisor of z and 4.
4
Suppose -z + 240 = 5*z. Calculate the highest common divisor of 240 and z.
40
Let c = 217 + -87. What is the greatest common factor of c and 104?
26
Let q(s) = 7*s**2 - 65*s - 18. Let l be q(10). Calculate the highest common divisor of l and 56.
8
Suppose -24 = -0*f - 3*f + 3*x, -4 = 2*x. Suppose a - f = -0*a. Let i(d) = -4*d - 1. Let o be i(-1). Calculate the highest common factor of a and o.
3
Suppose 499 = -8*s + 3379. Suppose -41*a + s = -35*a. Let b be -1 + (-2 + 77)/3. What is the greatest common divisor of b and a?
12
Suppose -5*a + 3*y - 7 - 19 = 0, 3*a = 5*y - 22. Let h(t) = t**2 + 6*t + 7. Let b be h(a). Let p = b + 9. Calculate the greatest common factor of 40 and p.
8
Let n(b) = b**3 - 7*b**2 - b + 7. Let m be n(7). Suppose m = 7*q - 9*q + 16. Let f = 0 + 1. Calculate the highest common factor of f and q.
1
Let i = -4669 - -4714. Let r(t) = 8*t**2 + 4*t. Let k be r(-3). What is the highest common factor of k and i?
15
Let h(l) = 2*l**2 - 36*l + 207. Let u be h(15). Let q be (-1)/3 + (-160)/(-12). Calculate the highest common divisor of u and q.
13
Let c(m) = -m**2 - 5*m + 4. Let a(f) = 2*f - 3. Let y be a(0). Let o be c(y). What is the greatest common divisor of 45 and o?
5
Suppose 5*h + 15 = 4*j - 8, -4*h - 3 = -j. Suppose -7 = -j*y + 6*y. Suppose -w + 0*w = -56. What is the greatest common divisor of y and w?
7
Let i be (-30450)/(-140) - ((-6)/(-4) + 0). Calculate the greatest common factor of 27 and i.
27
Let q = 3 - -7. Let p = -3 + q. Let n = -313 + 369. Calculate the highest common divisor of p and n.
7
Let q be (2/(24/21))/(3/24). Suppose 3*g + 2 = 44. What is the highest common divisor of q and g?
14
Let i = -30 + 54. Let f = -20 + 188. Calculate the highest common divisor of i and f.
24
Let y(i) = -i**2 - 11*i - 2. Suppose 7*q - 2*q = -2*z - 10, 5*q = 5*z + 25. Let g be y(z). What is the highest common factor of g and 112?
28
Suppose -2 = -2*f + f. Calculate the greatest common factor of f and 17.
1
Suppose v - 155 = 5*i, -229 = 5*i + 3*v - 54. Suppose 0 = -2*j - 488 + 1544. Let p be (j/i)/(3/(-4)). Calculate the greatest common factor of 88 and p.
22
Let y be (1 - -1)*(-62 - -72). Suppose 0 = -2*n + 3 - 7. Let u(k) = k**3 + 5*k**2 + k. Let v be u(n). What is the highest common divisor of v and y?
10
Suppose -2*q + 6 = d - 7, 3*q - 36 = 4*d. Calculate the greatest common factor of 24 and q.
8
Suppose -851*j + 1264 = -847*j. Calculate the greatest common factor of j and 4.
4
Let x be 1275/7 - (-50)/(-350). What is the greatest common fac